{"id":3,"date":"2024-10-30T18:28:54","date_gmt":"2024-10-30T18:28:54","guid":{"rendered":"http:\/\/mnprojets.ca\/?page_id=3"},"modified":"2024-11-12T17:13:33","modified_gmt":"2024-11-12T17:13:33","slug":"termes-et-conditions","status":"publish","type":"page","link":"https:\/\/mnprojets.ca\/?page_id=3","title":{"rendered":"Termes et Conditions"},"content":{"rendered":"\t\t<div data-elementor-type=\"wp-page\" data-elementor-id=\"3\" class=\"elementor elementor-3\">\n\t\t\t\t<div class=\"elementor-element elementor-element-3a9697cc e-con-full e-flex e-con e-parent\" data-id=\"3a9697cc\" data-element_type=\"container\">\n\t\t\t\t<div class=\"elementor-element elementor-element-7db35c41 elementor-widget elementor-widget-text-editor\" data-id=\"7db35c41\" data-element_type=\"widget\" data-widget_type=\"text-editor.default\">\n\t\t\t\t<div class=\"elementor-widget-container\">\n\t\t\t\t\t\t\t\t\t\n<p><strong>MN Projets<\/strong><br \/>Adresse : 22 Chemin Du Mus\u00e9e, Blainville, QC, J7C 3R6<br \/>T\u00e9l\u00e9phone : (438) 622-5224<br \/>Courriel : <a rel=\"noopener\">info@mnprojets.com<\/a><\/p>\n<p><strong>Introduction<\/strong><\/p>\n<p>Bienvenue sur le site de MN Projets. En acc\u00e9dant \u00e0 ce site, vous acceptez de vous conformer aux termes et conditions suivants. Si vous n&#8217;\u00eates pas d&#8217;accord avec ces termes, veuillez ne pas utiliser notre site.<\/p>\n<p><strong>1. Utilisation du site<\/strong><\/p>\n<p>Les informations pr\u00e9sentes sur ce site sont fournies \u00e0 titre informatif et ne constituent pas un engagement contractuel. Nous nous r\u00e9servons le droit de modifier, suspendre ou interrompre tout aspect du site sans pr\u00e9avis.<\/p>\n<p><strong>2. Propri\u00e9t\u00e9 intellectuelle<\/strong><\/p>\n<p>Tous les contenus pr\u00e9sents sur le site, incluant textes, images, et logos, sont la propri\u00e9t\u00e9 de MN Projets. Toute reproduction sans notre autorisation pr\u00e9alable est interdite.<\/p>\n<p><strong>3. Limitation de responsabilit\u00e9<\/strong><\/p>\n<p>MN Projets d\u00e9cline toute responsabilit\u00e9 pour tout dommage direct ou indirect r\u00e9sultant de l\u2019utilisation du site ou des informations qu\u2019il contient.<\/p>\n<p><strong>4. Liens externes<\/strong><\/p>\n<p>Le site peut contenir des liens vers des sites externes. Nous ne sommes pas responsables du contenu de ces sites externes et n\u2019assumons aucune responsabilit\u00e9 \u00e0 cet \u00e9gard.<\/p>\n<p><strong>5. Juridiction<\/strong><\/p>\n<p>Les termes et conditions sont r\u00e9gis par les lois de la province de Qu\u00e9bec. Tout litige sera soumis aux tribunaux comp\u00e9tents de la province de Qu\u00e9bec.<\/p>\n<p><strong>6. Modifications des termes<\/strong><\/p>\n<p>MN Projets se r\u00e9serve le droit de modifier ces termes \u00e0 tout moment. Nous recommandons aux utilisateurs de consulter r\u00e9guli\u00e8rement cette page pour \u00eatre inform\u00e9s des changements \u00e9ventuels.<\/p>\t\t\t\t\t\t\t\t<\/div>\n\t\t\t\t<\/div>\n\t\t\t\t<\/div>\n\t\t\t\t<\/div>\n\t\t","protected":false},"excerpt":{"rendered":"<p>MN ProjetsAdresse : 22 Chemin Du Mus\u00e9e, Blainville, QC, J7C 3R6T\u00e9l\u00e9phone : (438) 622-5224Courriel : info@mnprojets.com Introduction Bienvenue sur le site de MN Projets. En acc\u00e9dant \u00e0 ce site, vous acceptez de vous conformer aux termes et conditions suivants. Si vous n&#8217;\u00eates pas d&#8217;accord avec ces termes, veuillez ne pas utiliser notre site. 1. Utilisation [&hellip;]<\/p>\n","protected":false},"author":1,"featured_media":0,"parent":0,"menu_order":0,"comment_status":"closed","ping_status":"closed","template":"","meta":{"footnotes":""},"class_list":["post-3","page","type-page","status-publish","hentry"],"aioseo_notices":[],"_links":{"self":[{"href":"https:\/\/mnprojets.ca\/index.php?rest_route=\/wp\/v2\/pages\/3","targetHints":{"allow":["GET"]}}],"collection":[{"href":"https:\/\/mnprojets.ca\/index.php?rest_route=\/wp\/v2\/pages"}],"about":[{"href":"https:\/\/mnprojets.ca\/index.php?rest_route=\/wp\/v2\/types\/page"}],"author":[{"embeddable":true,"href":"https:\/\/mnprojets.ca\/index.php?rest_route=\/wp\/v2\/users\/1"}],"replies":[{"embeddable":true,"href":"https:\/\/mnprojets.ca\/index.php?rest_route=%2Fwp%2Fv2%2Fcomments&post=3"}],"version-history":[{"count":5,"href":"https:\/\/mnprojets.ca\/index.php?rest_route=\/wp\/v2\/pages\/3\/revisions"}],"predecessor-version":[{"id":2364,"href":"https:\/\/mnprojets.ca\/index.php?rest_route=\/wp\/v2\/pages\/3\/revisions\/2364"}],"wp:attachment":[{"href":"https:\/\/mnprojets.ca\/index.php?rest_route=%2Fwp%2Fv2%2Fmedia&parent=3"}],"curies":[{"name":"wp","href":"https:\/\/api.w.org\/{rel}","templated":true}]}}