{"id":2511,"date":"2024-11-14T19:28:21","date_gmt":"2024-11-14T19:28:21","guid":{"rendered":"https:\/\/mnprojets.ca\/?post_type=product&#038;p=2511"},"modified":"2024-11-18T17:38:13","modified_gmt":"2024-11-18T17:38:13","slug":"depot-pour-projet","status":"publish","type":"product","link":"https:\/\/mnprojets.ca\/?product=depot-pour-projet","title":{"rendered":"D\u00e9pot pour Projet (100$)"},"content":{"rendered":"<h2>Aper\u00e7u de Nos Services<\/h2>\n<p>Nous proposons un service de d\u00e9p\u00f4t pour les clients int\u00e9ress\u00e9s. Avec notre expertise, nous facilitons vos projets en vous offrant un soutien personnalis\u00e9 pour r\u00e9pondre \u00e0 tous vos besoins.<\/p>\n","protected":false},"excerpt":{"rendered":"<p>Aper\u00e7u de Nos Services Nous proposons un service de d\u00e9p\u00f4t pour les clients int\u00e9ress\u00e9s. Avec notre expertise, nous facilitons vos projets en vous offrant un soutien personnalis\u00e9 pour r\u00e9pondre \u00e0 tous vos besoins.<\/p>\n","protected":false},"featured_media":2515,"comment_status":"closed","ping_status":"closed","template":"","meta":[],"product_brand":[],"product_cat":[15],"product_tag":[],"class_list":{"0":"post-2511","1":"product","2":"type-product","3":"status-publish","4":"has-post-thumbnail","6":"product_cat-uncategorized","8":"first","9":"instock","10":"featured","11":"virtual","12":"purchasable","13":"product-type-simple"},"aioseo_notices":[],"_links":{"self":[{"href":"https:\/\/mnprojets.ca\/index.php?rest_route=\/wp\/v2\/product\/2511","targetHints":{"allow":["GET"]}}],"collection":[{"href":"https:\/\/mnprojets.ca\/index.php?rest_route=\/wp\/v2\/product"}],"about":[{"href":"https:\/\/mnprojets.ca\/index.php?rest_route=\/wp\/v2\/types\/product"}],"replies":[{"embeddable":true,"href":"https:\/\/mnprojets.ca\/index.php?rest_route=%2Fwp%2Fv2%2Fcomments&post=2511"}],"wp:featuredmedia":[{"embeddable":true,"href":"https:\/\/mnprojets.ca\/index.php?rest_route=\/wp\/v2\/media\/2515"}],"wp:attachment":[{"href":"https:\/\/mnprojets.ca\/index.php?rest_route=%2Fwp%2Fv2%2Fmedia&parent=2511"}],"wp:term":[{"taxonomy":"product_brand","embeddable":true,"href":"https:\/\/mnprojets.ca\/index.php?rest_route=%2Fwp%2Fv2%2Fproduct_brand&post=2511"},{"taxonomy":"product_cat","embeddable":true,"href":"https:\/\/mnprojets.ca\/index.php?rest_route=%2Fwp%2Fv2%2Fproduct_cat&post=2511"},{"taxonomy":"product_tag","embeddable":true,"href":"https:\/\/mnprojets.ca\/index.php?rest_route=%2Fwp%2Fv2%2Fproduct_tag&post=2511"}],"curies":[{"name":"wp","href":"https:\/\/api.w.org\/{rel}","templated":true}]}}